{"id":2031,"date":"2025-08-10T18:48:45","date_gmt":"2025-08-10T16:48:45","guid":{"rendered":"https:\/\/collectionbardinet.fr\/?page_id=2031"},"modified":"2025-08-31T23:23:51","modified_gmt":"2025-08-31T21:23:51","slug":"la-vie-de-lentreprise","status":"publish","type":"page","link":"https:\/\/collectionbardinet.fr\/?page_id=2031","title":{"rendered":"La Vie de l&rsquo;Entreprise"},"content":{"rendered":"<style type='text\/css' media='all'>#rt-tpg-container-90556012 .rt-holder .rt-woo-info .price{color:#00205b;}body .rt-tpg-container .rt-tpg-isotope-buttons .selected,\n\t\t\t\t\t#rt-tpg-container-90556012 .layout12 .rt-holder:hover .rt-detail,\n\t\t\t\t\t#rt-tpg-container-90556012 .isotope8 .rt-holder:hover .rt-detail,\n\t\t\t\t\t#rt-tpg-container-90556012 .carousel8 .rt-holder:hover .rt-detail,\n\t\t\t\t\t#rt-tpg-container-90556012 .layout13 .rt-holder .overlay .post-info,\n\t\t\t\t\t#rt-tpg-container-90556012 .isotope9 .rt-holder .overlay .post-info,\n\t\t\t\t\t#rt-tpg-container-90556012.rt-tpg-container .layout4 .rt-holder .rt-detail,\n\t\t\t\t\t.rt-modal-90556012 .md-content,\n\t\t\t\t\t.rt-modal-90556012 .md-content > .rt-md-content-holder .rt-md-content,\n\t\t\t\t\t.rt-popup-wrap-90556012.rt-popup-wrap .rt-popup-navigation-wrap,\n\t\t\t\t\t#rt-tpg-container-90556012 .carousel9 .rt-holder .overlay .post-info{background-color:#00205b;}#rt-tpg-container-90556012 .layout5 .rt-holder .overlay, #rt-tpg-container-90556012 .isotope2 .rt-holder .overlay, #rt-tpg-container-90556012 .carousel2 .rt-holder .overlay,#rt-tpg-container-90556012 .layout15 .rt-holder h3, #rt-tpg-container-90556012 .isotope11 .rt-holder h3, #rt-tpg-container-90556012 .carousel11 .rt-holder h3, #rt-tpg-container-90556012 .layout16 .rt-holder h3,\n\t\t\t\t\t#rt-tpg-container-90556012 .isotope12 .rt-holder h3, #rt-tpg-container-90556012 .carousel12 .rt-holder h3 {background-color:rgba(0,32,91,0.8);}#rt-tpg-container-90556012 .read-more a{border-radius:px;}#rt-tpg-container-90556012 .rt-img-holder img.rt-img-responsive,#rt-tpg-container-90556012 .rt-img-holder,\n\t\t\t\t\t#rt-tpg-container-90556012 .rt-post-overlay .post-img,\n\t\t\t\t\t#rt-tpg-container-90556012 .post-sm .post-img,\n\t\t\t\t\t#rt-tpg-container-90556012 .rt-post-grid .post-img,\n\t\t\t\t\t#rt-tpg-container-90556012 .post-img img {border-radius:px;}<\/style><div class='rt-container-fluid rt-tpg-container tpg-shortcode-main-wrapper ' id='rt-tpg-container-90556012'   data-layout='layout5' data-grid-style='even' data-desktop-col='4'  data-tab-col='2'  data-mobile-col='1' data-sc-id='2024'><div class=\"tpg-widget-heading-wrapper heading-style1 center\"><span class=\"tpg-widget-heading-line line-left\"><\/span><h6 class=\"tpg-widget-heading\">La Vie de l&rsquo;Entreprise<\/h6><span class=\"tpg-widget-heading-line\"><\/span><\/div><div id=\"bottom-script-loader\" class=\"bottom-script-loader\"><div class=\"rt-ball-clip-rotate\"><div><\/div><\/div><\/div><div data-title='Loading ...' class='rt-row rt-content-loader   layout5 tpg-even '><div class=\"rt-col-md-3 rt-col-sm-6 rt-col-xs-12 even-grid-item rt-grid-item\" data-id=\"1\"><div class=\"rt-holder\"><div class=\"overlay\"><h3 class=\"entry-title\"><a data-id=\"1\" class=\"\" href=\"https:\/\/collectionbardinet.fr\/?p=1\">1857 : Tout est parti de Limoges<\/a><\/h3><div class='rt-detail'><div class='tpg-excerpt'>1884 : Dans sa distillerie install\u00e9e depuis 1857 au c\u0153ur de la ville, Paul Bardinet...<\/div><\/div><\/div> <a data-id='1' class='' href='https:\/\/collectionbardinet.fr\/?p=1'><img loading=\"lazy\" decoding=\"async\" width=\"519\" height=\"343\" src=\"https:\/\/collectionbardinet.fr\/wp-content\/uploads\/2023\/07\/Photos-de-famille-archives-limoges-.png\" class=\"rt-img-responsive \" alt=\"\" \/><\/a><\/div><\/div><div class=\"rt-col-md-3 rt-col-sm-6 rt-col-xs-12 even-grid-item rt-grid-item\" data-id=\"2128\"><div class=\"rt-holder\"><div class=\"overlay\"><h3 class=\"entry-title\"><a data-id=\"2128\" class=\"\" href=\"https:\/\/collectionbardinet.fr\/?p=2128\">1912 : Jean Barennes, l&rsquo;Archiviste devenu Capitaine d&rsquo;Industrie<\/a><\/h3><div class='rt-detail'><div class='tpg-excerpt'>(Note\u00a0 : Le texte qui suit est une synth\u00e8se et une adaptation d&rsquo;un travail de...<\/div><\/div><\/div> <a data-id='2128' class='' href='https:\/\/collectionbardinet.fr\/?p=2128'><img loading=\"lazy\" decoding=\"async\" width=\"1200\" height=\"540\" src=\"https:\/\/collectionbardinet.fr\/wp-content\/uploads\/2023\/07\/41.jpg\" class=\"rt-img-responsive \" alt=\"\" \/><\/a><\/div><\/div><div class=\"rt-col-md-3 rt-col-sm-6 rt-col-xs-12 even-grid-item rt-grid-item\" data-id=\"613\"><div class=\"rt-holder\"><div class=\"overlay\"><h3 class=\"entry-title\"><a data-id=\"613\" class=\"\" href=\"https:\/\/collectionbardinet.fr\/?p=613\">1923, 22 Septembre &#8211; Edouard Bardinet recoit la l\u00e9gion d&rsquo;honneur<\/a><\/h3><div class='rt-detail'><div class='tpg-excerpt'>Le proc\u00e8s Verbal : (extrait du dossier complet ci dessous) Le document compte rendu r\u00e9alis\u00e9...<\/div><\/div><\/div> <a data-id='613' class='' href='https:\/\/collectionbardinet.fr\/?p=613'><img loading=\"lazy\" decoding=\"async\" width=\"1057\" height=\"1920\" src=\"https:\/\/collectionbardinet.fr\/wp-content\/uploads\/2024\/02\/Chevalier_1870.jpg\" class=\"rt-img-responsive \" alt=\"\" \/><\/a><\/div><\/div><div class=\"rt-col-md-3 rt-col-sm-6 rt-col-xs-12 even-grid-item rt-grid-item\" data-id=\"311\"><div class=\"rt-holder\"><div class=\"overlay\"><h3 class=\"entry-title\"><a data-id=\"311\" class=\"\" href=\"https:\/\/collectionbardinet.fr\/?p=311\">1934 : XVIIIe foire de Bordeaux : Visite pr\u00e9sidentielle<\/a><\/h3><div class='rt-detail'><div class='tpg-excerpt'>La dix-huiti\u00e8me Foire de Bordeaux a \u00e9t\u00e9 inaugur\u00e9e dimanche 17 Juin par M. Albert Lebrun...<\/div><\/div><\/div> <a data-id='311' class='' href='https:\/\/collectionbardinet.fr\/?p=311'><img loading=\"lazy\" decoding=\"async\" width=\"760\" height=\"1043\" src=\"https:\/\/collectionbardinet.fr\/wp-content\/uploads\/2023\/07\/Albert-Lebrun-President-de-la-republique.jpeg\" class=\"rt-img-responsive \" alt=\"\" \/><\/a><\/div><\/div><div class=\"rt-col-md-3 rt-col-sm-6 rt-col-xs-12 even-grid-item rt-grid-item\" data-id=\"201\"><div class=\"rt-holder\"><div class=\"overlay\"><h3 class=\"entry-title\"><a data-id=\"201\" class=\"\" href=\"https:\/\/collectionbardinet.fr\/?p=201\">1938 : S\u00e9minaire d&rsquo;entreprise \u00e0 Royan<\/a><\/h3><div class='rt-detail'><div class='tpg-excerpt'>Le 18 Septembre 1938 la maison Bardinet organisait pour l&rsquo;ensemble de son personnel une excursion\u00a0...<\/div><\/div><\/div> <a data-id='201' class='' href='https:\/\/collectionbardinet.fr\/?p=201'><img loading=\"lazy\" decoding=\"async\" width=\"240\" height=\"282\" src=\"https:\/\/collectionbardinet.fr\/wp-content\/uploads\/2023\/07\/Bolex-H16-240x282-1.jpg\" class=\"rt-img-responsive \" alt=\"\" \/><\/a><\/div><\/div><div class=\"rt-col-md-3 rt-col-sm-6 rt-col-xs-12 even-grid-item rt-grid-item\" data-id=\"364\"><div class=\"rt-holder\"><div class=\"overlay\"><h3 class=\"entry-title\"><a data-id=\"364\" class=\"\" href=\"https:\/\/collectionbardinet.fr\/?p=364\">1977 : Bulletin Wanson : Bardinet \u00e0 Bordeaux<\/a><\/h3><div class='rt-detail'><div class='tpg-excerpt'>[Babcock Wanson, du xixe au xxie si\u00e8cle, C\u2019est en 1898 que l\u2019anc\u00eatre de Babcock Wanson...<\/div><\/div><\/div> <a data-id='364' class='' href='https:\/\/collectionbardinet.fr\/?p=364'><img loading=\"lazy\" decoding=\"async\" width=\"686\" height=\"519\" src=\"https:\/\/collectionbardinet.fr\/wp-content\/uploads\/2023\/08\/Capture-decran-2023-08-02-082149.png\" class=\"rt-img-responsive \" alt=\"\" \/><\/a><\/div><\/div><div class=\"rt-col-md-3 rt-col-sm-6 rt-col-xs-12 even-grid-item rt-grid-item\" data-id=\"420\"><div class=\"rt-holder\"><div class=\"overlay\"><h3 class=\"entry-title\"><a data-id=\"420\" class=\"\" href=\"https:\/\/collectionbardinet.fr\/?p=420\">1992 : L&rsquo;exposition \u00ab\u00a0Collection bardinet\u00a0\u00bb<\/a><\/h3><div class='rt-detail'><div class='tpg-excerpt'>Du 15 Juin au 31 aout 1992 est organis\u00e9e une exposition \u00ab\u00a0Collection bardinet\u00a0\u00bb \u00e0 la...<\/div><\/div><\/div> <a data-id='420' class='' href='https:\/\/collectionbardinet.fr\/?p=420'><img loading=\"lazy\" decoding=\"async\" width=\"1454\" height=\"1920\" src=\"https:\/\/collectionbardinet.fr\/wp-content\/uploads\/2023\/08\/20230726_172625-scaled.jpg\" class=\"rt-img-responsive \" alt=\"\" \/><\/a><\/div><\/div><div class=\"rt-col-md-3 rt-col-sm-6 rt-col-xs-12 even-grid-item rt-grid-item\" data-id=\"385\"><div class=\"rt-holder\"><div class=\"overlay\"><h3 class=\"entry-title\"><a data-id=\"385\" class=\"\" href=\"https:\/\/collectionbardinet.fr\/?p=385\">12 Aout 1993 :  Sud Ouest : Bardinet change de mains<\/a><\/h3><div class='rt-detail'><div class='tpg-excerpt'>La Martiniquaise est depuis lundi majoritaire dans le capital de Bardinet. Mais l&rsquo;illustre maison bordelaise...<\/div><\/div><\/div> <a data-id='385' class='' href='https:\/\/collectionbardinet.fr\/?p=385'><img loading=\"lazy\" decoding=\"async\" width=\"863\" height=\"1600\" src=\"https:\/\/collectionbardinet.fr\/wp-content\/uploads\/2023\/08\/s-l1600-e1690961398112.jpg\" class=\"rt-img-responsive \" alt=\"\" \/><\/a><\/div><\/div><div class=\"rt-col-md-3 rt-col-sm-6 rt-col-xs-12 even-grid-item rt-grid-item\" data-id=\"112\"><div class=\"rt-holder\"><div class=\"overlay\"><h3 class=\"entry-title\"><a data-id=\"112\" class=\"\" href=\"https:\/\/collectionbardinet.fr\/?p=112\">2023 : \u00c9douard Bardinet. L&rsquo;homme qui fit entrer le rhum dans toutes les cuisines<\/a><\/h3><div class='rt-detail'><div class='tpg-excerpt'>L&rsquo;homme qui fit entrer le rhum dans toutes les cuisines de Nicolas Bardinet 1857, Paul...<\/div><\/div><\/div> <a data-id='112' class='' href='https:\/\/collectionbardinet.fr\/?p=112'><img loading=\"lazy\" decoding=\"async\" width=\"688\" height=\"1000\" src=\"https:\/\/collectionbardinet.fr\/wp-content\/uploads\/2023\/07\/81BO4v-GdhL._AC_UF10001000_QL80_.jpg\" class=\"rt-img-responsive \" alt=\"\" \/><\/a><\/div><\/div><\/div><\/div>\n","protected":false},"excerpt":{"rendered":"","protected":false},"author":1,"featured_media":2950,"parent":0,"menu_order":3,"comment_status":"closed","ping_status":"closed","template":"","meta":{"_acf_changed":false,"_crdt_document":"","advgb_blocks_editor_width":"","advgb_blocks_columns_visual_guide":"","footnotes":""},"categories":[],"tags":[],"class_list":["post-2031","page","type-page","status-publish","has-post-thumbnail","hentry"],"acf":[],"coauthors":[],"author_meta":{"author_link":"https:\/\/collectionbardinet.fr\/?author=1","display_name":"Xavier P."},"relative_dates":{"created":"Publi\u00e9 8 mois il y a","modified":"Mis \u00e0 jour 8 mois il y a"},"absolute_dates":{"created":"Publi\u00e9 le 10 ao\u00fbt 2025","modified":"Mise \u00e0 jour le 31 ao\u00fbt 2025"},"absolute_dates_time":{"created":"Publi\u00e9 le 10 ao\u00fbt 2025 18h48","modified":"Mise \u00e0 jour le 31 ao\u00fbt 2025 23h23"},"featured_img_caption":"","featured_img":"https:\/\/collectionbardinet.fr\/wp-content\/uploads\/2025\/08\/509360162_3533555643442406_3198652398230894514_n_178220694009401.jpg","series_order":"","rttpg_featured_image_url":{"full":["https:\/\/collectionbardinet.fr\/wp-content\/uploads\/2025\/08\/509360162_3533555643442406_3198652398230894514_n_178220694009401.jpg",1440,1205,false],"landscape":["https:\/\/collectionbardinet.fr\/wp-content\/uploads\/2025\/08\/509360162_3533555643442406_3198652398230894514_n_178220694009401.jpg",1440,1205,false],"portraits":["https:\/\/collectionbardinet.fr\/wp-content\/uploads\/2025\/08\/509360162_3533555643442406_3198652398230894514_n_178220694009401.jpg",1440,1205,false],"thumbnail":["https:\/\/collectionbardinet.fr\/wp-content\/uploads\/2025\/08\/509360162_3533555643442406_3198652398230894514_n_178220694009401-150x150.jpg",150,150,true],"medium":["https:\/\/collectionbardinet.fr\/wp-content\/uploads\/2025\/08\/509360162_3533555643442406_3198652398230894514_n_178220694009401-300x251.jpg",300,251,true],"large":["https:\/\/collectionbardinet.fr\/wp-content\/uploads\/2025\/08\/509360162_3533555643442406_3198652398230894514_n_178220694009401-1024x857.jpg",950,795,true],"1536x1536":["https:\/\/collectionbardinet.fr\/wp-content\/uploads\/2025\/08\/509360162_3533555643442406_3198652398230894514_n_178220694009401.jpg",1440,1205,false],"2048x2048":["https:\/\/collectionbardinet.fr\/wp-content\/uploads\/2025\/08\/509360162_3533555643442406_3198652398230894514_n_178220694009401.jpg",1440,1205,false],"inspiro-featured-image":["https:\/\/collectionbardinet.fr\/wp-content\/uploads\/2025\/08\/509360162_3533555643442406_3198652398230894514_n_178220694009401.jpg",1440,1205,false],"inspiro-loop":["https:\/\/collectionbardinet.fr\/wp-content\/uploads\/2025\/08\/509360162_3533555643442406_3198652398230894514_n_178220694009401-950x320.jpg",950,320,true],"inspiro-loop@2x":["https:\/\/collectionbardinet.fr\/wp-content\/uploads\/2025\/08\/509360162_3533555643442406_3198652398230894514_n_178220694009401-1440x640.jpg",1440,640,true]},"rttpg_author":{"display_name":"Xavier P.","author_link":"https:\/\/collectionbardinet.fr\/?author=1"},"rttpg_comment":0,"rttpg_category":"Non class\u00e9","rttpg_excerpt":null,"_links":{"self":[{"href":"https:\/\/collectionbardinet.fr\/index.php?rest_route=\/wp\/v2\/pages\/2031","targetHints":{"allow":["GET"]}}],"collection":[{"href":"https:\/\/collectionbardinet.fr\/index.php?rest_route=\/wp\/v2\/pages"}],"about":[{"href":"https:\/\/collectionbardinet.fr\/index.php?rest_route=\/wp\/v2\/types\/page"}],"author":[{"embeddable":true,"href":"https:\/\/collectionbardinet.fr\/index.php?rest_route=\/wp\/v2\/users\/1"}],"replies":[{"embeddable":true,"href":"https:\/\/collectionbardinet.fr\/index.php?rest_route=%2Fwp%2Fv2%2Fcomments&post=2031"}],"version-history":[{"count":1,"href":"https:\/\/collectionbardinet.fr\/index.php?rest_route=\/wp\/v2\/pages\/2031\/revisions"}],"predecessor-version":[{"id":2032,"href":"https:\/\/collectionbardinet.fr\/index.php?rest_route=\/wp\/v2\/pages\/2031\/revisions\/2032"}],"wp:featuredmedia":[{"embeddable":true,"href":"https:\/\/collectionbardinet.fr\/index.php?rest_route=\/wp\/v2\/media\/2950"}],"wp:attachment":[{"href":"https:\/\/collectionbardinet.fr\/index.php?rest_route=%2Fwp%2Fv2%2Fmedia&parent=2031"}],"wp:term":[{"taxonomy":"category","embeddable":true,"href":"https:\/\/collectionbardinet.fr\/index.php?rest_route=%2Fwp%2Fv2%2Fcategories&post=2031"},{"taxonomy":"post_tag","embeddable":true,"href":"https:\/\/collectionbardinet.fr\/index.php?rest_route=%2Fwp%2Fv2%2Ftags&post=2031"}],"curies":[{"name":"wp","href":"https:\/\/api.w.org\/{rel}","templated":true}]}}