{"id":2029,"date":"2025-08-10T18:48:27","date_gmt":"2025-08-10T16:48:27","guid":{"rendered":"https:\/\/collectionbardinet.fr\/?page_id=2029"},"modified":"2025-08-18T12:42:07","modified_gmt":"2025-08-18T10:42:07","slug":"histoire-de-la-marque","status":"publish","type":"page","link":"https:\/\/collectionbardinet.fr\/?page_id=2029","title":{"rendered":"Histoire de la Marque"},"content":{"rendered":"<style type='text\/css' media='all'>#rt-tpg-container-3100746347 .rt-holder .rt-woo-info .price{color:#e4002b;}body .rt-tpg-container .rt-tpg-isotope-buttons .selected,\n\t\t\t\t\t#rt-tpg-container-3100746347 .layout12 .rt-holder:hover .rt-detail,\n\t\t\t\t\t#rt-tpg-container-3100746347 .isotope8 .rt-holder:hover .rt-detail,\n\t\t\t\t\t#rt-tpg-container-3100746347 .carousel8 .rt-holder:hover .rt-detail,\n\t\t\t\t\t#rt-tpg-container-3100746347 .layout13 .rt-holder .overlay .post-info,\n\t\t\t\t\t#rt-tpg-container-3100746347 .isotope9 .rt-holder .overlay .post-info,\n\t\t\t\t\t#rt-tpg-container-3100746347.rt-tpg-container .layout4 .rt-holder .rt-detail,\n\t\t\t\t\t.rt-modal-3100746347 .md-content,\n\t\t\t\t\t.rt-modal-3100746347 .md-content > .rt-md-content-holder .rt-md-content,\n\t\t\t\t\t.rt-popup-wrap-3100746347.rt-popup-wrap .rt-popup-navigation-wrap,\n\t\t\t\t\t#rt-tpg-container-3100746347 .carousel9 .rt-holder .overlay .post-info{background-color:#e4002b;}#rt-tpg-container-3100746347 .layout5 .rt-holder .overlay, #rt-tpg-container-3100746347 .isotope2 .rt-holder .overlay, #rt-tpg-container-3100746347 .carousel2 .rt-holder .overlay,#rt-tpg-container-3100746347 .layout15 .rt-holder h3, #rt-tpg-container-3100746347 .isotope11 .rt-holder h3, #rt-tpg-container-3100746347 .carousel11 .rt-holder h3, #rt-tpg-container-3100746347 .layout16 .rt-holder h3,\n\t\t\t\t\t#rt-tpg-container-3100746347 .isotope12 .rt-holder h3, #rt-tpg-container-3100746347 .carousel12 .rt-holder h3 {background-color:rgba(228,0,43,0.8);}#rt-tpg-container-3100746347 .read-more a{border-radius:px;}#rt-tpg-container-3100746347 .rt-img-holder img.rt-img-responsive,#rt-tpg-container-3100746347 .rt-img-holder,\n\t\t\t\t\t#rt-tpg-container-3100746347 .rt-post-overlay .post-img,\n\t\t\t\t\t#rt-tpg-container-3100746347 .post-sm .post-img,\n\t\t\t\t\t#rt-tpg-container-3100746347 .rt-post-grid .post-img,\n\t\t\t\t\t#rt-tpg-container-3100746347 .post-img img {border-radius:px;}<\/style><div class='rt-container-fluid rt-tpg-container tpg-shortcode-main-wrapper ' id='rt-tpg-container-3100746347'   data-layout='layout5' data-grid-style='even' data-desktop-col='4'  data-tab-col='3'  data-mobile-col='1' data-sc-id='2023'><div class=\"tpg-widget-heading-wrapper heading-style1 center\"><span class=\"tpg-widget-heading-line line-left\"><\/span><h6 class=\"tpg-widget-heading\">Histoire de la Marque<\/h6><span class=\"tpg-widget-heading-line\"><\/span><\/div><div id=\"bottom-script-loader\" class=\"bottom-script-loader\"><div class=\"rt-ball-clip-rotate\"><div><\/div><\/div><\/div><div data-title='Loading ...' class='rt-row rt-content-loader   layout5 tpg-even '><div class=\"rt-col-md-3 rt-col-sm-4 rt-col-xs-12 even-grid-item rt-grid-item\" data-id=\"2013\"><div class=\"rt-holder\"><div class=\"overlay\"><h3 class=\"entry-title\"><a data-id=\"2013\" class=\"\" href=\"https:\/\/collectionbardinet.fr\/?p=2013\">Manifeste de ma collection : \u00ab\u00a0Derri\u00e8re le sourire de Negrita : Ce que raconte une ic\u00f4ne\u00a0\u00bb<\/a><\/h3><div class='rt-detail'><div class='tpg-excerpt'>Derri\u00e8re le sourire de Negrita : Ce que raconte une ic\u00f4ne Le nom de Bardinet...<\/div><\/div><\/div> <a data-id='2013' class='' href='https:\/\/collectionbardinet.fr\/?p=2013'><img loading=\"lazy\" decoding=\"async\" width=\"1134\" height=\"1137\" src=\"https:\/\/collectionbardinet.fr\/wp-content\/uploads\/2023\/07\/PLV-bardinet-Negrita-2.png\" class=\"rt-img-responsive \" alt=\"\" \/><\/a><\/div><\/div><div class=\"rt-col-md-3 rt-col-sm-4 rt-col-xs-12 even-grid-item rt-grid-item\" data-id=\"1\"><div class=\"rt-holder\"><div class=\"overlay\"><h3 class=\"entry-title\"><a data-id=\"1\" class=\"\" href=\"https:\/\/collectionbardinet.fr\/?p=1\">1857 : Tout est parti de Limoges<\/a><\/h3><div class='rt-detail'><div class='tpg-excerpt'>1884 : Dans sa distillerie install\u00e9e depuis 1857 au c\u0153ur de la ville, Paul Bardinet...<\/div><\/div><\/div> <a data-id='1' class='' href='https:\/\/collectionbardinet.fr\/?p=1'><img loading=\"lazy\" decoding=\"async\" width=\"519\" height=\"343\" src=\"https:\/\/collectionbardinet.fr\/wp-content\/uploads\/2023\/07\/Photos-de-famille-archives-limoges-.png\" class=\"rt-img-responsive \" alt=\"\" \/><\/a><\/div><\/div><div class=\"rt-col-md-3 rt-col-sm-4 rt-col-xs-12 even-grid-item rt-grid-item\" data-id=\"237\"><div class=\"rt-holder\"><div class=\"overlay\"><h3 class=\"entry-title\"><a data-id=\"237\" class=\"\" href=\"https:\/\/collectionbardinet.fr\/?p=237\">1906 : Negrita : la recette du maitre de chai des chartrons<\/a><\/h3><div class='rt-detail'><div class='tpg-excerpt'>Quand un vieu bordelais, malade, a priori atteint du syndrome de diogene, m&rsquo;\u00e9crit dans les...<\/div><\/div><\/div> <a data-id='237' class='' href='https:\/\/collectionbardinet.fr\/?p=237'><img loading=\"lazy\" decoding=\"async\" width=\"740\" height=\"1034\" src=\"https:\/\/collectionbardinet.fr\/wp-content\/uploads\/2023\/07\/negrita-1.jpg\" class=\"rt-img-responsive \" alt=\"\" \/><\/a><\/div><\/div><div class=\"rt-col-md-3 rt-col-sm-4 rt-col-xs-12 even-grid-item rt-grid-item\" data-id=\"221\"><div class=\"rt-holder\"><div class=\"overlay\"><h3 class=\"entry-title\"><a data-id=\"221\" class=\"\" href=\"https:\/\/collectionbardinet.fr\/?p=221\">1900-1960 Revue de Presse : Quand la loi Evin n&rsquo;existait pas encore<\/a><\/h3><div class='rt-detail'><div class='tpg-excerpt'>...<\/div><\/div><\/div> <a data-id='221' class='' href='https:\/\/collectionbardinet.fr\/?p=221'><img loading=\"lazy\" decoding=\"async\" width=\"1440\" height=\"896\" src=\"https:\/\/collectionbardinet.fr\/wp-content\/uploads\/2023\/07\/215519910_322136702951132_6196093972961854217_n.jpg\" class=\"rt-img-responsive \" alt=\"\" \/><\/a><\/div><\/div><div class=\"rt-col-md-3 rt-col-sm-4 rt-col-xs-12 even-grid-item rt-grid-item\" data-id=\"76\"><div class=\"rt-holder\"><div class=\"overlay\"><h3 class=\"entry-title\"><a data-id=\"76\" class=\"\" href=\"https:\/\/collectionbardinet.fr\/?p=76\">1956 : Histoire du Rhum depuis ses origines (par Mr P. Bardinet)<\/a><\/h3><div class='rt-detail'><div class='tpg-excerpt'>HISTOIRE DU RHUM DE SES ORIGINES A NOS JOURS Article issu d&rsquo;un document original de...<\/div><\/div><\/div> <a data-id='76' class='' href='https:\/\/collectionbardinet.fr\/?p=76'><img loading=\"lazy\" decoding=\"async\" width=\"917\" height=\"768\" src=\"https:\/\/collectionbardinet.fr\/wp-content\/uploads\/2023\/07\/Nova_Orbis_Tabula_in_Lucem_Edita.jpg\" class=\"rt-img-responsive \" alt=\"\" \/><\/a><\/div><\/div><div class=\"rt-col-md-3 rt-col-sm-4 rt-col-xs-12 even-grid-item rt-grid-item\" data-id=\"405\"><div class=\"rt-holder\"><div class=\"overlay\"><h3 class=\"entry-title\"><a data-id=\"405\" class=\"\" href=\"https:\/\/collectionbardinet.fr\/?p=405\">70&rsquo;s : Quand Old Nick communique \u00ab\u00a0coquin\u00a0\u00bb<\/a><\/h3><div class='rt-detail'><div class='tpg-excerpt'>Dans les ann\u00e9es 70 la communication publicitaire autour des cocktails Old Nick pouvaient s&rsquo;annoncer plus...<\/div><\/div><\/div> <a data-id='405' class='' href='https:\/\/collectionbardinet.fr\/?p=405'><img loading=\"lazy\" decoding=\"async\" width=\"300\" height=\"300\" src=\"https:\/\/collectionbardinet.fr\/wp-content\/uploads\/2023\/08\/arton45204-cfaf4.png\" class=\"rt-img-responsive \" alt=\"\" \/><\/a><\/div><\/div><div class=\"rt-col-md-3 rt-col-sm-4 rt-col-xs-12 even-grid-item rt-grid-item\" data-id=\"420\"><div class=\"rt-holder\"><div class=\"overlay\"><h3 class=\"entry-title\"><a data-id=\"420\" class=\"\" href=\"https:\/\/collectionbardinet.fr\/?p=420\">1992 : L&rsquo;exposition \u00ab\u00a0Collection bardinet\u00a0\u00bb<\/a><\/h3><div class='rt-detail'><div class='tpg-excerpt'>Du 15 Juin au 31 aout 1992 est organis\u00e9e une exposition \u00ab\u00a0Collection bardinet\u00a0\u00bb \u00e0 la...<\/div><\/div><\/div> <a data-id='420' class='' href='https:\/\/collectionbardinet.fr\/?p=420'><img loading=\"lazy\" decoding=\"async\" width=\"1454\" height=\"1920\" src=\"https:\/\/collectionbardinet.fr\/wp-content\/uploads\/2023\/08\/20230726_172625-scaled.jpg\" class=\"rt-img-responsive \" alt=\"\" \/><\/a><\/div><\/div><div class=\"rt-col-md-3 rt-col-sm-4 rt-col-xs-12 even-grid-item rt-grid-item\" data-id=\"392\"><div class=\"rt-holder\"><div class=\"overlay\"><h3 class=\"entry-title\"><a data-id=\"392\" class=\"\" href=\"https:\/\/collectionbardinet.fr\/?p=392\">2015 : Negrita, parmi les marques pr\u00e9f\u00e9r\u00e9es des Francais<\/a><\/h3><div class='rt-detail'><div class='tpg-excerpt'>\u00ab Ce contenu est issu du Grand Livre des Marques Volume III r\u00e9dig\u00e9 et publi\u00e9...<\/div><\/div><\/div> <a data-id='392' class='' href='https:\/\/collectionbardinet.fr\/?p=392'><img loading=\"lazy\" decoding=\"async\" width=\"225\" height=\"139\" src=\"https:\/\/collectionbardinet.fr\/wp-content\/uploads\/2023\/08\/logo-negrita-jaune.png\" class=\"rt-img-responsive \" alt=\"\" \/><\/a><\/div><\/div><div class=\"rt-col-md-3 rt-col-sm-4 rt-col-xs-12 even-grid-item rt-grid-item\" data-id=\"555\"><div class=\"rt-holder\"><div class=\"overlay\"><h3 class=\"entry-title\"><a data-id=\"555\" class=\"\" href=\"https:\/\/collectionbardinet.fr\/?p=555\">2020 : Histoire de la publicit\u00e9 Negrita &#8211; Guide du Bordeaux Colonial<\/a><\/h3><div class='rt-detail'><div class='tpg-excerpt'>L&rsquo;histoire de la marque Negrita est indissociable de celle de Bordeaux et de son pass\u00e9...<\/div><\/div><\/div> <a data-id='555' class='' href='https:\/\/collectionbardinet.fr\/?p=555'><img loading=\"lazy\" decoding=\"async\" width=\"480\" height=\"640\" src=\"https:\/\/collectionbardinet.fr\/wp-content\/uploads\/2020\/08\/bordeux2-e1692375192185.jpg\" class=\"rt-img-responsive \" alt=\"\" \/><\/a><\/div><\/div><div class=\"rt-col-md-3 rt-col-sm-4 rt-col-xs-12 even-grid-item rt-grid-item\" data-id=\"112\"><div class=\"rt-holder\"><div class=\"overlay\"><h3 class=\"entry-title\"><a data-id=\"112\" class=\"\" href=\"https:\/\/collectionbardinet.fr\/?p=112\">2023 : \u00c9douard Bardinet. L&rsquo;homme qui fit entrer le rhum dans toutes les cuisines<\/a><\/h3><div class='rt-detail'><div class='tpg-excerpt'>L&rsquo;homme qui fit entrer le rhum dans toutes les cuisines de Nicolas Bardinet 1857, Paul...<\/div><\/div><\/div> <a data-id='112' class='' href='https:\/\/collectionbardinet.fr\/?p=112'><img loading=\"lazy\" decoding=\"async\" width=\"688\" height=\"1000\" src=\"https:\/\/collectionbardinet.fr\/wp-content\/uploads\/2023\/07\/81BO4v-GdhL._AC_UF10001000_QL80_.jpg\" class=\"rt-img-responsive \" alt=\"\" \/><\/a><\/div><\/div><\/div><\/div>\n","protected":false},"excerpt":{"rendered":"","protected":false},"author":1,"featured_media":451,"parent":0,"menu_order":4,"comment_status":"closed","ping_status":"closed","template":"","meta":{"_acf_changed":false,"_crdt_document":"","advgb_blocks_editor_width":"","advgb_blocks_columns_visual_guide":"","footnotes":""},"categories":[],"tags":[],"class_list":["post-2029","page","type-page","status-publish","has-post-thumbnail","hentry"],"acf":[],"coauthors":[],"author_meta":{"author_link":"https:\/\/collectionbardinet.fr\/?author=1","display_name":"Xavier P."},"relative_dates":{"created":"Publi\u00e9 8 mois il y a","modified":"Mis \u00e0 jour 8 mois il y a"},"absolute_dates":{"created":"Publi\u00e9 le 10 ao\u00fbt 2025","modified":"Mise \u00e0 jour le 18 ao\u00fbt 2025"},"absolute_dates_time":{"created":"Publi\u00e9 le 10 ao\u00fbt 2025 18h48","modified":"Mise \u00e0 jour le 18 ao\u00fbt 2025 12h42"},"featured_img_caption":"","featured_img":"https:\/\/collectionbardinet.fr\/wp-content\/uploads\/2023\/08\/358733567_810725387425592_5109987111138697549_n-e1691925982452.jpg","series_order":"","rttpg_featured_image_url":{"full":["https:\/\/collectionbardinet.fr\/wp-content\/uploads\/2023\/08\/358733567_810725387425592_5109987111138697549_n-e1691925982452.jpg",515,524,false],"landscape":["https:\/\/collectionbardinet.fr\/wp-content\/uploads\/2023\/08\/358733567_810725387425592_5109987111138697549_n-e1691925982452.jpg",515,524,false],"portraits":["https:\/\/collectionbardinet.fr\/wp-content\/uploads\/2023\/08\/358733567_810725387425592_5109987111138697549_n-e1691925982452.jpg",515,524,false],"thumbnail":["https:\/\/collectionbardinet.fr\/wp-content\/uploads\/2023\/08\/358733567_810725387425592_5109987111138697549_n-e1691925982452-150x150.jpg",150,150,true],"medium":["https:\/\/collectionbardinet.fr\/wp-content\/uploads\/2023\/08\/358733567_810725387425592_5109987111138697549_n-e1691925982452-295x300.jpg",295,300,true],"large":["https:\/\/collectionbardinet.fr\/wp-content\/uploads\/2023\/08\/358733567_810725387425592_5109987111138697549_n-802x1024.jpg",802,1024,true],"1536x1536":["https:\/\/collectionbardinet.fr\/wp-content\/uploads\/2023\/08\/358733567_810725387425592_5109987111138697549_n-1203x1536.jpg",1203,1536,true],"2048x2048":["https:\/\/collectionbardinet.fr\/wp-content\/uploads\/2023\/08\/358733567_810725387425592_5109987111138697549_n-e1691925982452.jpg",515,524,false],"inspiro-featured-image":["https:\/\/collectionbardinet.fr\/wp-content\/uploads\/2023\/08\/358733567_810725387425592_5109987111138697549_n-e1691925982452.jpg",515,524,false],"inspiro-loop":["https:\/\/collectionbardinet.fr\/wp-content\/uploads\/2023\/08\/358733567_810725387425592_5109987111138697549_n-e1691925982452-515x320.jpg",515,320,true],"inspiro-loop@2x":["https:\/\/collectionbardinet.fr\/wp-content\/uploads\/2023\/08\/358733567_810725387425592_5109987111138697549_n-e1691925982452.jpg",515,524,false]},"rttpg_author":{"display_name":"Xavier P.","author_link":"https:\/\/collectionbardinet.fr\/?author=1"},"rttpg_comment":0,"rttpg_category":"Non class\u00e9","rttpg_excerpt":null,"_links":{"self":[{"href":"https:\/\/collectionbardinet.fr\/index.php?rest_route=\/wp\/v2\/pages\/2029","targetHints":{"allow":["GET"]}}],"collection":[{"href":"https:\/\/collectionbardinet.fr\/index.php?rest_route=\/wp\/v2\/pages"}],"about":[{"href":"https:\/\/collectionbardinet.fr\/index.php?rest_route=\/wp\/v2\/types\/page"}],"author":[{"embeddable":true,"href":"https:\/\/collectionbardinet.fr\/index.php?rest_route=\/wp\/v2\/users\/1"}],"replies":[{"embeddable":true,"href":"https:\/\/collectionbardinet.fr\/index.php?rest_route=%2Fwp%2Fv2%2Fcomments&post=2029"}],"version-history":[{"count":1,"href":"https:\/\/collectionbardinet.fr\/index.php?rest_route=\/wp\/v2\/pages\/2029\/revisions"}],"predecessor-version":[{"id":2030,"href":"https:\/\/collectionbardinet.fr\/index.php?rest_route=\/wp\/v2\/pages\/2029\/revisions\/2030"}],"wp:featuredmedia":[{"embeddable":true,"href":"https:\/\/collectionbardinet.fr\/index.php?rest_route=\/wp\/v2\/media\/451"}],"wp:attachment":[{"href":"https:\/\/collectionbardinet.fr\/index.php?rest_route=%2Fwp%2Fv2%2Fmedia&parent=2029"}],"wp:term":[{"taxonomy":"category","embeddable":true,"href":"https:\/\/collectionbardinet.fr\/index.php?rest_route=%2Fwp%2Fv2%2Fcategories&post=2029"},{"taxonomy":"post_tag","embeddable":true,"href":"https:\/\/collectionbardinet.fr\/index.php?rest_route=%2Fwp%2Fv2%2Ftags&post=2029"}],"curies":[{"name":"wp","href":"https:\/\/api.w.org\/{rel}","templated":true}]}}